h(s) = 2*s**2 - 27*s - 15. Give h(14).
-1
Let y(f) = -3*f + 5. What is y(0)?
5
Let y(l) = -l**2 - 39*l - 273. What is y(-9)?
-3
Let s(q) = q**3 - 51*q**2 - 165*q + 153. Determine s(54).
-9
Let y(t) = 9*t + 7. What is y(-4)?
-29
Let g(q) = -6*q - 143. Determine g(-24).
1
Let m(r) = -12*r - 49. What is m(-6)?
23
Let w(m) = m**2 + 8*m - 14. Give w(-9).
-5
Let s(x) = 14*x + 86. Determine s(-6).
2
Let b(g) = g**2 + 14*g - 51. Give b(-17).
0
Let d(u) = -7*u**2 + 2*u - 3. Give d(1).
-8
Let t(f) = -f**3 - 21*f**2 + 17*f - 107. Calculate t(-22).
3
Let x(c) = c**3 - 10*c**2 + c - 19. What is x(10)?
-9
Let a(i) = 3*i + 12. Give a(6).
30
Let c(o) = -o**3 + 22*o**2 + 22*o + 20. Calculate c(23).
-3
Let a(h) = -16*h + 76. Determine a(4).
12
Let d(y) = -y**2 + y - 2. Calculate d(5).
-22
Let b(v) = v**3 - 55*v**2 - 54*v - 105. Give b(56).
7
Let g(x) = 7*x - 4. Determine g(4).
24
Let z(u) = 100*u - 1099. Calculate z(11).
1
Let d(z) = -z**2 + 5*z - 4. Calculate d(2).
2
Let c(v) = -18*v - 6. Calculate c(-5).
84
Let c(a) = -2*a**2 - 5*a - 9. What is c(-6)?
-51
Let m(z) = -z**2 + 13*z + 2. What is m(7)?
44
Let c(d) = -2*d**3 + 2*d + 2. What is c(3)?
-46
Let i(o) = o**2 - 26*o + 48. What is i(23)?
-21
Let b(y) = -2*y + 5. What is b(-3)?
11
Let i(t) = -289*t - 1159. What is i(-4)?
-3
Let w(d) = -2*d**2 - 3*d + 2. What is w(2)?
-12
Let i(q) = -q + 25. Give i(0).
25
Let p(m) = -m**3 - m + 16. What is p(5)?
-114
Let p(k) = 2*k**2 - 11*k + 2. Calculate p(5).
-3
Let o(g) = -g**2 + 58*g + 252. Give o(-4).
4
Let b(i) = i**2 - 5*i + 10. Calculate b(4).
6
Let t(j) = -j**3 + 8*j**2 - 1. What is t(7)?
48
Let m(j) = -j**2 + 3*j. Calculate m(3).
0
Let o(w) = w**3 - 7*w**2 + 6*w - 5. What is o(4)?
-29
Let j(d) = d**3 + 38*d**2 + 40*d + 153. Determine j(-37).
42
Let x(t) = -t**3 + 9*t**2 - 12*t - 21. Calculate x(7).
-7
Let l(k) = -39*k**3 + k + 1. Give l(-1).
39
Let b(z) = -7*z**2 - 36*z + 4. Determine b(-5).
9
Let p(i) = 2*i - 4. What is p(5)?
6
Let q(r) = -5*r**3 + r**2 - 3*r + 2. What is q(1)?
-5
Let w(b) = b**3 + 16*b**2 + 18*b + 60. Calculate w(-15).
15
Let a(b) = -b**3 + 35*b**2 - 32*b - 70. Give a(34).
-2
Let d(j) = 3*j**2 - 6*j - 4. What is d(-3)?
41
Let i(v) = 19*v - 3. Calculate i(0).
-3
Let h(q) = -13*q + 4. What is h(2)?
-22
Let r(u) = -u**3 + 11*u**2 - 18*u - 8. Give r(9).
-8
Let p(d) = d**3 + 9*d**2 - 3*d + 19. Give p(-9).
46
Let q(u) = 13*u - 1095. Determine q(85).
10
Let c(v) = v**2 + 37*v + 129. Give c(-33).
-3
Let s(n) = 2*n**3 - 28*n**2 - 3*n + 31. Calculate s(14).
-11
Let r(a) = -a**3 + 19*a**2 - 21*a + 57. Calculate r(18).
3
Let w(t) = -t**2 - 3*t + 33. Give w(0).
33
Let s(w) = w**2 - 8*w - 17. Calculate s(10).
3
Let i(u) = u**3 + 8*u**2 + 6*u - 4. Determine i(-7).
3
Let n(j) = 2*j + 2. Calculate n(8).
18
Let a(k) = k**3 - 3*k**2 - k + 13. Calculate a(4).
25
Let w(p) = p + 14. Give w(-15).
-1
Let y(h) = h**3 - 8*h**2 + 7*h - 4. Determine y(7).
-4
Let c(b) = -3*b**2 - 6*b + 7. What is c(-5)?
-38
Let v(y) = -3*y - 1. Give v(5).
-16
Let x(p) = -p**2 + 13*p + 19. Calculate x(14).
5
Let b(v) = -2*v**3 - 6*v**2 + 3*v + 2. Give b(1).
-3
Let a(z) = z + 1. What is a(-10)?
-9
Let h(y) = -y**3 + y**2 - 2*y - 11. Calculate h(0).
-11
Let m(n) = n**3 + 2*n**2 - 12*n + 8. Give m(-5).
-7
Let r(t) = -t**2 + 12*t + 16. What is r(13)?
3
Let p(b) = 2*b**3 + 7*b**2 + 10*b + 2. Determine p(-1).
-3
Let d(u) = -2*u**2 - 3*u - 3. Calculate d(-2).
-5
Let p(s) = 6*s - 30. What is p(4)?
-6
Let n(m) = m + 17. Determine n(-12).
5
Let d(l) = l**2 - 16*l + 10. Calculate d(17).
27
Let r(v) = v**2 - 20*v - 40. Give r(22).
4
Let p(q) = -2*q**2 + q - 13. Calculate p(0).
-13
Let l(t) = t**3 - 11*t**2 - 11*t - 14. What is l(12)?
-2
Let i(q) = -q**3 + 15*q**2 - 2. Calculate i(15).
-2
Let l(w) = w**2 - 9*w + 16. What is l(7)?
2
Let d(h) = -h**2 - 40*h - 79. Determine d(-38).
-3
Let u(l) = 8*l**3 + l**2 + 2*l + 1. Determine u(-1).
-8
Let i(r) = -3*r + 43. What is i(16)?
-5
Let w(y) = y**3 - 11*y**2 + 3*y - 5. What is w(11)?
28
Let c(o) = o**2 - 12*o + 21. Give c(7).
-14
Let o(d) = d**3 + 5*d**2 - 5*d - 5. Determine o(-3).
28
Let w(g) = -g**2 + 9*g - 2. What is w(4)?
18
Let b(a) = -14*a**3 - a + 1. What is b(1)?
-14
Let l(z) = z**3 - 13*z**2 + 35*z - 13. Determine l(10).
37
Let j(g) = -g**3 + 9*g**2 - 7*g - 10. Determine j(8).
-2
Let n(s) = -2*s**3 - 27*s**2 - 34*s + 20. Calculate n(-12).
-4
Let c(y) = -4*y - 8. Give c(-5).
12
Let g(n) = -2*n - 28. What is g(-12)?
-4
Let v(u) = -12*u + 74. Give v(6).
2
Let a(t) = -t**3 + 35*t**2 - 32*t - 84. Determine a(34).
-16
Let v(a) = 2*a**2 - a - 21. Calculate v(-3).
0
Let w(z) = -10*z - 1. What is w(-2)?
19
Let w(r) = -r**3 + 42*r**2 + 3*r - 131. Give w(42).
-5
Let b(l) = -l**2 + 31*l - 47. What is b(30)?
-17
Let l(b) = 20*b**2 + b + 2. Calculate l(-1).
21
Let z(u) = u + 6. Determine z(-4).
2
Let b(i) = -50*i - 88. Determine b(-2).
12
Let c(q) = -q**3 - 3*q**2 + 5*q - 4. What is c(-5)?
21
Let k(h) = -5*h**3 - 2*h - 1. What is k(-1)?
6
Let n(y) = y**3 + 2*y**2 + y - 3. Give n(-3).
-15
Let c(z) = z**3 - z**2 - 7*z - 1. Determine c(-3).
-16
Let p(x) = -2*x - 1. Calculate p(-2).
3
Let h(k) = -k**2 - 2*k + 2. What is h(-2)?
2
Let k(z) = -64*z**2 + 3*z - 1. Calculate k(1).
-62
Let z(p) = -p - 22. What is z(-14)?
-8
Let l(g) = -2*g - 10. What is l(-9)?
8
Let k(j) = -j - 49. Determine k(12).
-61
Let r(w) = 2*w - 4. Determine r(-6).
-16
Let b(l) = -2*l - 55. Calculate b(0).
-55
Let k(y) = -y**2 - 8*y - 3. What is k(-5)?
12
Let v(l) = 95*l - 485. Determine v(5).
-10
Let l(k) = -4*k**2 - 2*k - 2. What is l(-2)?
-14
Let n(r) = r**3 + 16*r**2 + 6*r + 64. Determine n(-16).
-32
Let b(v) = -v - 1. Give b(5).
-6
Let f(n) = 2*n**2 - 30*n - 5. What is f(13)?
-57
Let x(l) = l**3 + 3*l**2 + 4*l + 4. Calculate x(-4).
-28
Let h(i) = 2*i**2 + 28*i - 5. Determine h(-16).
59
Let a(l) = l**3 + 8*l**2 + 4*l - 16. Calculate a(-7).
5
Let w(o) = o**2 + 9*o + 10. Give w(-8).
2
Let r(z) = z**3 - 9*z**2 + 7*z + 2. Give r(8).
-6
Let d(g) = -g**2 - 32*g - 49. Determine d(-30).
11
Let d(t) = -2*t - 9. Determine d(-9).
9
Let b(g) = -2*g**2 - 2*g - 2. Calculate b(-5).
-42
Let g(z) = -z**3 + 2*z**2 + 6*z + 4. Calculate g(5).
-41
Let n(y) = -y**3 + 19*y**2 + 44*y - 48. Calculate n(21).
-6
Let k(o) = -47*o - 134. Give k(-3).
7
Let b(n) = -3*n + 5. Give b(-4).
17
Let n(s) = 17*s - 11. Determine n(3).
40
Let h(v) = -4*v + 8. Give h(0).
8
Let g(q) = -q**2 + 6*q - 12. Determine g(4).
-4
Let r(u) = -u**3 + 5*u**2 + 6*u - 6. Determine r(6).
-6
Let j(c) = 2*c + 10. Determine j(-14).
-18
Let g(t) = -13*t**2 + 8*t + 14. Determine g(-3).
-127
Let a(t) = -t**3 - 9*t**2 - 4*t + 61. Determine a(-7).
-9
Let i(h) = 5*h + 24. What is i(11)?
79
Let q(n) = -n**3 + 17*n**2 + 5*n + 21. Calculate q(17).
106
Let d(r) = r**3 - 7*r**2 + 10. Give d(7).
10
Let i(t) = -t**2 + t - 1. Calculate i(3).
-7
Let y(u) = -u**2 + 8*u + 27. Determine y(11).
-6
Let y(q) = q**3 + 8*q**2 - 2. Give y(-9).
-83
Let v(k) = 4*k**2 + 36*k - 7. Calculate v(-9).
-7
Let z(n) = -6*n - 115. Calculate z(0).
-115
Let f(k) = k**2 + 9*k - 6. Give f(-8).
-14
Let c(w) = -w**3 + 7*w**2 - 12*w + 67. Give c(7).
-17
Let w(g) = 7*g + 338. Determine w(-47).
9
Let w(c) = -24*c**2 + 6*c - 4. Give w(-2).
-112
Let a(n) = n**2 - 107. Determine a(0).
-107
Let x(f) = -f**2 + 31*f - 222. What is x(12)?
6
Let y(i) = i**3 + i**2 - 2*i - 75. What is y(0)?
-75
Let f(c) = -4*c**2 + c + 1. What is f(1)?
-2
Let q(b) = 61*b - 239. Determine q(4).
5
Let r(k) = -k**3 + 5*k**2 - 3*k - 11. Determine r(5).
-26
Let q(h) = 2*h**2 - 16*h - 45. Calculate q(10).
-5
Let u(d) = -d**2 + 2*d - 1. What is u(-2)?
-9
Let i(u) = u + 37. Determine i(-25).
12
Let u(m) = -299*m + 1201. What is u(4)?
5
Let c(j) = 2*j - 11. What is c(7)?
3
Let v(w) = -4*w**3 - 2*w**2 - 2*w - 1. Determine v(-2).
27
Let w(s) = -30*s - 3. What is w(-2)?
57
Let u(t) = 8*t**2 - t + 2. Determine u(-2).
36
Let s(t) = t**2 - 21*t - 102. Give s(24).
-30
Let a(d) = -d**3 - 10*d**2 - 10*d - 10. Determine a(-9).
-1
Let o(u) = -u**2 - 64*u - 278. Determine o(-59).
17
Let j(a) = -2*a**2 - 2. Give j(5).
-52
Let d(o) = o**2 + 4*o - 9. Calculate d(2).
3
Let j(h) = h - 4. Give j(-16).
-20
Let y(r) = -19*r - 4. Determine y(-3).
53
Let h(q) = 2*q + 12. Give h(-4).
4
Let f(z) = -z**3 - 2*z**2 + 7*z + 4. Calculate f(-4).
8
Let k(t) = 4*t